me factors of q.
7, 61
Let j = 11 - 13. Let c be (-2)/j - (-2 + 3). List the prime factors of 0/(-2) + 7 + c.
7
Let y be -2*(1 - 1 - -1)/(-1). Suppose 0*o + 88 = 2*o + y*f, 2*f = -o + 46. List the prime factors of o.
2, 3, 7
Let f(i) = i**3 - 7*i**2 - 9*i - 11. Let h = 32 + -36. Let y be (-2)/((-9)/((-162)/h)). What are the prime factors of f(y)?
2, 5, 7
Let l = -875 + 1124. What are the prime factors of l?
3, 83
Let h(o) = -57*o - 24. List the prime factors of h(-4).
2, 3, 17
Let v = -1034 - -1671. What are the prime factors of v?
7, 13
Suppose -2*r + z + 34 = 0, -5*r - 5*z + 40 = -r. What are the prime factors of (r - 1)/(-7)*(-18)/4?
3
Let d be 6/(-5)*5/(-2). Suppose 0 = -d*t + t + 30. List the prime factors of t.
3, 5
Suppose -5*m + 3 = -t - 17, m + 22 = -5*t. Suppose -m = 4*l - 11. Suppose -10 = 2*y, 3*w + l*y - 32 = 84. What are the prime factors of w?
2, 3, 7
Let h(x) = -7*x**3 - 37*x**2 - x - 30. Let q(t) = 3*t**3 + 18*t**2 + 15. Let a(c) = 4*h(c) + 9*q(c). List the prime factors of a(13).
2, 3, 11
Let k = 47 - 134. Let m = 309 + k. List the prime factors of m.
2, 3, 37
Let k(p) = -p**3 + p**2 - p. Suppose 0 = 2*s - 2. Let a(t) = 5*t**3 - 13*t**2 + 4*t + 2. Let h(f) = s*a(f) + 4*k(f). List the prime factors of h(9).
2
Let t(k) = -k**3 + 3*k**2 + 3*k + 6. Let b be t(5). Let j be (-4962)/(-90) - (10/75)/1. Let d = b + j. List the prime factors of d.
2, 13
Let l be 4*-334*(-15)/20. Let r = l - 685. Suppose 0*h + s - 58 = -h, 5*h - 4*s - r = 0. What are the prime factors of h?
61
Let l(m) = -m**3 + 3*m**2 + 2*m + 1. Let d be l(3). Suppose -8*a + 18 = -d*a. Suppose -2*i + a = -i. List the prime factors of i.
2, 3
Let r be (22/3)/((-3)/45). Let q = r + 173. List the prime factors of q.
3, 7
Suppose 0 = 64*r - 65*r + 434. Let v = r - 286. What are the prime factors of v?
2, 37
Let r be -17 + 0*1/(-5). Let z = r - -21. What are the prime factors of z?
2
What are the prime factors of 2/(30/38421) - (-105)/175?
2, 3, 7, 61
Suppose 2 - 5 = -j. Suppose -5*c + 8*q = 3*q - 100, 5*q + 50 = j*c. Suppose -z + c - 5 = 0. List the prime factors of z.
2, 5
Suppose 3*u + 19 - 10 = 0. Let s = 6 + u. Suppose s*p - p + 3*z = 39, 0 = 5*p + 2*z - 70. What are the prime factors of p?
2, 3
Let v(m) = -7*m - 21. Let j(k) = -12*k - 43. Let b(q) = 2*j(q) - 5*v(q). What are the prime factors of b(8)?
107
Suppose 393 = -12*d + 57. What are the prime factors of 2*(-188)/d*7?
2, 47
Suppose 5*p - 95 = 2*f, -4*f - 3 + 2 = -p. Suppose -20 = 19*m - p*m. What are the prime factors of m?
2, 5
Let m be 7/42 - 559/6. Let p = 154 + m. What are the prime factors of p?
61
Let k = -14 - -3. Let z = -9 - k. What are the prime factors of ((-1)/z)/((-2)/20)?
5
Suppose -4*g - 5*q + 476 = -2125, 0 = -2*g + 5*q + 1263. What are the prime factors of g?
2, 7, 23
Let v be 1/2 + (-249)/(-6). What are the prime factors of v/2*4/6?
2, 7
Suppose -14*i + 1300 = -9*i. Suppose -i = f - 5*f. What are the prime factors of f?
5, 13
Let s = 573 + 4. List the prime factors of s.
577
Let c(a) = 17*a**2 + 4*a + 2. Let z be c(4). Suppose 6*n + z = 8*n. Suppose 0 = -3*b - 4*s + n, 2*b + 3*s - 98 = -s. What are the prime factors of b?
47
Suppose -2*a = -4*l - 52, -4*a + l = -29 - 82. Let p = -23 + a. List the prime factors of p.
5
Let g(z) = z**3 - 9*z**2 - 3*z + 5. Let t be g(9). Let r = t + 102. List the prime factors of r.
2, 5
Let h(k) = -8*k**2 + 4. Let v be h(-2). Let i = -6 - v. List the prime factors of i.
2, 11
Let l(z) = z**2 - 19*z + 25. List the prime factors of l(29).
3, 5, 7
Let a(z) = z**2 - 2*z**2 - 18 + 40*z - 26*z. What are the prime factors of a(6)?
2, 3, 5
What are the prime factors of (-60)/8*(-2512)/20?
2, 3, 157
Suppose w - 167 + 6 = 0. Let n = -37 + w. List the prime factors of n.
2, 31
Let d be ((-112)/(-21))/((-2)/6). Suppose -2*s + 86 = -2*r, -4*s + 6*r - 3*r + 169 = 0. Let m = s + d. List the prime factors of m.
2, 3
Suppose 0 = 4*r - 3 - 81. List the prime factors of r.
3, 7
Let d be 1/2 + (-41)/(-2). Let y = d - -29. Let n = y - 10. What are the prime factors of n?
2, 5
Let i = 20 + -17. Let p be 15/i + -6 + 4. Suppose 4*u + p*f - 147 = 0, 3*u - 5*f - 10 = 93. List the prime factors of u.
2, 3
Suppose -574 = -5*k + 3*d, 5*d - 122 = -k + 8*d. Let s be (-6)/15 + 816/15. Let i = k - s. What are the prime factors of i?
59
Let o(n) = 13*n + 67. List the prime factors of o(11).
2, 3, 5, 7
Let m = -56 - -61. Suppose -3*y + m*y = 260. What are the prime factors of y?
2, 5, 13
Let n(i) = 28*i**2 + 23*i + 92. What are the prime factors of n(-7)?
1303
Let q be (-1049 - -14)*(-4)/5. Suppose -4*a + 0*a = -q. What are the prime factors of a?
3, 23
Let v = 6447 + -4374. List the prime factors of v.
3, 691
Suppose -6*r - 186 = -0*r. Let k = 0 - r. What are the prime factors of k?
31
Suppose 3*f = -v - 5, -f = -2*f - 4*v - 20. Suppose -4*t - 2*z + 448 = 2*z, f = 4*t - 5*z - 493. What are the prime factors of t?
3, 13
Let x = -48 - -30. Let t be (-84)/(-4) + 4/(5 + -1). Let a = t - x. What are the prime factors of a?
2, 5
Suppose 2*y + 0*v = 5*v + 2205, v = -5*y + 5472. Suppose 438 = 2*j - 4*l, y = 5*j + 5*l - 10*l. What are the prime factors of j?
3, 73
What are the prime factors of ((-36)/(-30) - 1) + (-39198)/(-10)?
2, 5, 7
Suppose 5*n - 3*b = -244, n = -3*n - 4*b - 176. Suppose -2*i - 38 = 8. Let m = i - n. What are the prime factors of m?
2, 3
Suppose 0 = 3*i + 249 - 2148. List the prime factors of i.
3, 211
Let r(g) = 6*g**2 + 24*g + 212. What are the prime factors of r(-13)?
2, 457
Let q be ((-116)/(-10) + -4)/((-4)/(-10)). Suppose 0 = 20*c - q*c - 141. What are the prime factors of c?
3, 47
Suppose -3*g - 2*g = -30. Suppose 2*l + k + 0*k - 7 = 0, 2*k + g = 0. Suppose l*q - 26 = 49. List the prime factors of q.
3, 5
Let b be (1*4)/((-1)/(-1)). Suppose b + 0 = a. Suppose -a*q + 72 = -184. List the prime factors of q.
2
Suppose -40*c + 37*c = -696. List the prime factors of c.
2, 29
Let t be ((-24)/16)/((-3)/((-84)/2)). Let j = t + 53. What are the prime factors of j?
2
Suppose h = -3 + 5, 4*h + 4744 = 3*q. Suppose -4*g = -5*g - 3, 5*z = 3*g + q. Suppose 2*m = 9*m - z. List the prime factors of m.
3, 5
Let u = -602 - -891. List the prime factors of u.
17
List the prime factors of (-3 + (-18)/(-4))*1*126.
3, 7
Suppose -2*d + 2 = 0, m + 2*d + 0*d = 178. What are the prime factors of m?
2, 11
Let x = 20 + -18. Suppose -x*s - 11 = 3*h, -35 = -s - 4*s + 5*h. List the prime factors of s*(-2)/3*-9.
2, 3
Let j = 23 + -23. Suppose 0*s + 70 = -2*s - 4*q, 5*s - 5*q + 250 = j. Let f = s - -80. List the prime factors of f.
5, 7
Let q(a) = 37*a - 18. Let f = -24 + 28. What are the prime factors of q(f)?
2, 5, 13
Let l(n) = n**3 - 13*n**2 + 7*n - 5. Suppose -4*i + o = -o - 62, 3*i - 29 = -2*o. List the prime factors of l(i).
2, 43
Let v(p) be the third derivative of p**5/15 - p**4/24 - p**3/6 + 15*p**2. Let y be (20 + -21)/((-1)/2). List the prime factors of v(y).
13
Let m(z) = -5*z + 3. Let r(k) = k - 2. Let y be r(-2). Let v be (-6)/y*(-3 + 1). List the prime factors of m(v).
2, 3
Let f(d) = -d**2 - 118. Let u be f(0). Let w be u/(-2 + (0 - -3)). Let q = -65 - w. What are the prime factors of q?
53
Suppose -26*k + q - 2350 = -29*k, 3*k + 2*q - 2345 = 0. What are the prime factors of k?
5, 157
Let c(z) = 5*z - 24. Let t(g) = -g + 3. Let r(k) = -c(k) - 3*t(k). Let v(j) = 2*j - 2. Let q be v(-3). List the prime factors of r(q).
31
Let a be (-44)/(-10) + 4/(-10). Let m(k) = k**2 + 8*k - 20. Let w be m(-10). Suppose -2*c + a*c - 66 = w. List the prime factors of c.
3, 11
Let d = -88 - -71. Let f(m) = -m**2 - 30*m + 14. List the prime factors of f(d).
5, 47
Let p = 463 - 277. Suppose -4*l + 7*l - p = 0. What are the prime factors of l?
2, 31
Let g(c) be the third derivative of c**7/5040 - c**6/720 + c**5/15 + 3*c**2. Let i(a) be the third derivative of g(a). List the prime factors of i(5).
2
Let z(n) = 16*n - 10. Let h be z(9). Let q be (-3)/1*1 + h. Suppose 0 = 3*y - q + 2. List the prime factors of y.
43
Let h = 98 - 66. Suppose -c = b - 6*c - h, -2*b + 64 = -4*c. What are the prime factors of b?
2
Let b = 71 - 39. Suppose -6*v + 48 = -3*v. Let r = b - v. List the prime factors of r.
2
Suppose 0 = -3*r + 8585 - 2219. List the prime factors of r.
2, 1061
Let v be (-388)/(-3 - 1)*3. Suppose -4*t = -t - v